0.
7
Let o(v) = 4*v**3 + 42*v**2 - 204*v + 11. What is the remainder when o(5) is divided by 41?
8
Let j be (-86)/(-4) + 9/18. Suppose -p = 2 - 14. Calculate the remainder when 24/(-6)*j*(-5)/8 is divided by p.
7
Let a(f) = 6*f - 68. Let n be a(8). Let u(x) = x**3 + x**2 + x + 1. What is the remainder when u(3) is divided by ((-15)/10)/(5/n)?
4
Let d(l) = l**2 + 5*l - 4. Let w be (-12)/6*-1*(2 + -1). Suppose -w = 3*k - 5, b = k + 76. Calculate the remainder when b is divided by d(-8).
17
Let u be 1*15*(-24)/20. Let p = 105 + u. What is the remainder when p is divided by 18?
15
Suppose -4019*k - 597 = -4026*k - 72. Calculate the remainder when 227 is divided by k.
2
Let q(d) = -3*d**3 - 14*d**2 + 7*d + 12. Let f be q(-5). Calculate the remainder when 72 is divided by (f/2 + -2)*-19.
15
Suppose -88*k = -5203 + 3795. Calculate the remainder when 460 is divided by k.
12
Let u = -145 + 149. Suppose -3*b + 265 = u*w, -8*w + 3*w = -3*b + 256. Calculate the remainder when b is divided by 45.
42
Let g = 3729 + -3669. Calculate the remainder when g is divided by 22.
16
Let f = -102 + 246. Suppose -4*s + 5*d = -184, 0 = 4*s + d + 4*d - f. Let a(v) = -v + 43. What is the remainder when s is divided by a(32)?
8
Suppose 0*n + 4*n + 7 = m, -4*m - 4*n + 8 = 0. Let p(w) = -27 + 2*w - 100*w**3 - 3*w**2 + 101*w**m - 11*w**2. What is the remainder when 8 is divided by p(14)?
0
Suppose -31*d + 47*d + 5712 = 184*d. Suppose -5*r + 166 = l, -678 = -4*l + 4*r - 14. What is the remainder when l is divided by d?
30
What is the remainder when 3746 is divided by (-151 + (-12)/3)*(11 + (-616)/55)?
26
What is the remainder when 155 is divided by (45 - 42) + (-2 - (0 + -26))?
20
Let i(o) = 84*o**3 - o**2 - o + 2. Let w be i(1). Let y = -68 + w. Calculate the remainder when -3 + 2178/55 + (-3)/5 is divided by y.
4
Let l(k) = k**3 - 24*k**2 - 7*k - 98. What is the remainder when l(25) is divided by 108?
28
Let s(m) = m + 12. Let h be s(-12). Suppose h = 10*j - 23*j + 273. Suppose -3*b + b + 3*k + j = 0, 0 = 4*k - 4. What is the remainder when 19 is divided by b?
7
Let y(r) = r**2 - 64*r + 61. Calculate the remainder when 2498 is divided by y(64).
58
Suppose i = 6*i - 400. Suppose -129*c + 868 = -5*c. What is the remainder when i is divided by c?
3
Suppose -105*j = 3738 - 11613. Calculate the remainder when 2471 is divided by j.
71
Let f(v) = -v**3 - 9*v**2 + 14*v - 2. Let d be f(-8). Let q = -28 - d. Let t = q - 82. Calculate the remainder when t is divided by 23.
22
Let x(n) = n + 55. Let t be x(5). Let c(h) = 2*h**2 + 6*h + 5. Calculate the remainder when (-4)/(-6) - 5/(t/(-1156)) is divided by c(-5).
22
Let q(n) = n**3 + 56*n**2 + 109*n + 85. What is the remainder when 363 is divided by q(-54)?
22
Let c(m) = -m**3 - 3*m**2 - 2*m + 1. Let w be c(-3). Let k = 10 + w. Suppose -12*s = -k*s + 65. What is the remainder when s is divided by 7?
6
Let j(c) = -c**2 + 17*c - 30. Suppose -32*d = -36*d + 52. Let o be j(d). Suppose 0 = 2*q - q - o. What is the remainder when 106 is divided by q?
18
Let v(o) = -160*o - 1406. What is the remainder when v(-9) is divided by 34?
0
Suppose 4*j + z = 269, z - 33 = 3*j - 240. What is the remainder when 111 is divided by j?
43
Suppose -10557 - 3405 = -179*f. Calculate the remainder when 145 is divided by f.
67
Let b be (1116 - 6)*(-3)/6. Let s = b - -599. Calculate the remainder when 107 is divided by s.
19
Let s = -37 + 117. Calculate the remainder when s is divided by 32 - 0 - 190/38.
26
Let w = -421 - -428. Suppose -5*o = -o - 2*q - 122, -q + 3 = 0. Let y = 23 + o. What is the remainder when y is divided by w?
6
Suppose 4*t - 8*t = -12. Suppose 3 - 25 = -d + 2*r, -t*r = 4*d - 33. Let n(j) = j**2 - 93*j + 327. Calculate the remainder when n(90) is divided by d.
9
Suppose 5*h = -4*p + 20, -5*p + 9*h = 6*h - 25. Suppose 0 = -2*c - p*n + 45, 3*n = c + 6*n - 24. Calculate the remainder when 194 is divided by c.
14
Let q = 55 + -22. Suppose -79*l + 61*l + 12150 = 0. Calculate the remainder when 88020/l + 3/5 is divided by q.
32
Suppose -2*l + 6 = 3*w, -7*l - 5*w + 9 = -4*l. Suppose l*p = -5*t + 39, p = -4*p - 3*t + 81. Calculate the remainder when 71 is divided by p.
17
Let m be ((-2)/1)/(3/30). What is the remainder when 75 is divided by (-25)/(-40)*m*16/(-10)?
15
Suppose 189*m = -53*m + 59*m + 5490. Calculate the remainder when 1739 is divided by m.
29
Calculate the remainder when 958 is divided by (2 + 2)*4/1.
14
Let l = 272 - 278. What is the remainder when 213 is divided by 31 + (-76)/(-14) + l/14?
33
Let w be (-10)/(-2) - 220 - 2/2. Let v = w + -10. Let g = v + 392. What is the remainder when g is divided by 42?
40
Let o(a) = -6*a**3 + 0*a**3 + 3*a**2 + 3*a**2 - a + 5*a**3 + 7. What is the remainder when -3 - (4 - 4) - -5 is divided by o(6)?
0
Suppose 2*a + 18*u - 121 = 15*u, 0 = -a - 2*u + 58. Calculate the remainder when 789 is divided by a.
41
Let v be 13*(-3)/12 + 5/20. Calculate the remainder when 90 - (v + (10/2)/(-5)) is divided by 32.
30
Let o be (-78)/13 - 2322/(-1 + -2). Suppose 0 = -29*n + 21*n + o. Calculate the remainder when 370 is divided by n.
82
Suppose -5*x - y = 9324, -12*y + 7*y - 1860 = x. Let c = -1230 - x. What is the remainder when c is divided by 13?
11
Suppose 2*c + 3 - 7 = 0. Suppose 42*o - 44*o + 25 = 3*a, -2*o + 2*a = 0. What is the remainder when -3 + c - (1 + -19) is divided by o?
2
Let f(s) = 3*s - 9. Let r be f(-4). Let i(o) = 5*o + 20. Let h be i(7). Let p = r + h. Calculate the remainder when p is divided by 5.
4
Let k = 55 - 29. Suppose 2*j - 4*o = j - 733, 2169 = -3*j + 2*o. Let w = j + 741. Calculate the remainder when k is divided by w.
6
Let t(u) = u**2 + 1. Let j = -1966 + 2678. What is the remainder when j is divided by t(-4)?
15
Let g be -5*1/(-2)*2. Suppose 2*i = g*l - 0*l + 38, -l = 3*i - 40. Suppose -i*c = -15*c + 1. Calculate the remainder when 1 is divided by c.
0
Suppose f - 5*f + 12 = 0, -2*f = -2*z + 18. What is the remainder when 4/(-1) + 184 + -3 is divided by z?
9
Let s(l) = 63*l**2 - 17*l + 75. What is the remainder when s(-4) is divided by 48?
47
Suppose -1284 - 133 = -6*r + 1379. Calculate the remainder when r is divided by 93.
1
Let j(k) = 2*k**2 - 14*k + 26. Let x(z) = -z**3 + z**2 + 9*z - 5. Let n be x(3). Calculate the remainder when 15 is divided by j(n).
1
Suppose 5*w + 159 = t, 13*w - 15*w = -4*t + 600. What is the remainder when 317 is divided by t?
19
Suppose 8*i + 3*x - 30 = 3*i, -5*i + x + 30 = 0. Calculate the remainder when (-8)/(-2) - (660/i)/(-2) is divided by 10.
9
Suppose -4*x = -x - 4*h + 149, 4*x = 4*h - 196. Let j = 49 + x. Suppose -5*u + 93 = 4*y, j*y = 3*u - 3*y - 78. Calculate the remainder when u is divided by 8.
5
Suppose -1065 = -119*m + 1077. Calculate the remainder when 4785 is divided by m.
15
Let z(k) = -44*k**2 - 3*k - 7. Let s be z(3). Let h = 110 - s. Suppose -4*v + 46 = -h. What is the remainder when v is divided by 12?
10
Suppose 57*m = 117*m - 6240. Let k be 10/16*-34*-4. Suppose f = -q + 24, 0 = 3*q - 5*f - k - 11. Calculate the remainder when m is divided by q.
23
Let c = -29 - -11. Let d be -20*7/(105/c). Let f = 11 + d. Calculate the remainder when f is divided by 9.
8
What is the remainder when 491 is divided by -30*2/(-48)*6*62?
26
Suppose -4*y + 18 = -2*d, -50*y + 54*y - 19 = 3*d. Calculate the remainder when 805 is divided by y.
1
Suppose -5*q + 53 = -x, 8*x = 3*q + 3*x - 45. Suppose q*i + 12 = 13*i. What is the remainder when 91 is divided by i?
3
Let s be (-572)/(-8) + (-3)/2. Suppose -3*t + 4*c = -101, 6*t - 2*c - s = 4*t. Let a = 12546 - 12471. Calculate the remainder when a is divided by t.
36
Let t = 2634 - 2613. Let x = -81 + 329. Calculate the remainder when x is divided by t.
17
Suppose 3*i = f + 197 + 110, f = 4*i - 306. Let h = -260 - f. What is the remainder when h is divided by 13?
11
Suppose -2130*t = -2161*t + 4371. What is the remainder when t is divided by 79?
62
What is the remainder when (1558180/78)/26 - ((-4)/6 + 1) is divided by 27?
12
Let r = 24 - 22. Suppose -5*u - s = -9, r*s = 3*u - s - 9. Suppose -u*z + 800 = 3*z. Calculate the remainder when z is divided by 27.
25
Let l = 304 + -213. Suppose 0 = -3*k + 2*g + 110, 0 = -5*g - 15 - 5. What is the remainder when l is divided by k?
23
Suppose 4*z - 5 - 7 = 0. Let f(u